14.
-35
Convert c05 (base 13) to base 12.
1215
Convert 11110111100 (base 2) to base 3.
2201100
What is -769 (base 10) in base 5?
-11034
What is 465142 (base 7) in base 8?
242744
What is 122011111 (base 3) in base 9?
18144
What is -425345 (base 6) in base 9?
-52802
What is 26242 (base 7) in base 10?
6988
Convert 5777 (base 11) to base 12.
4482
2601 (base 9) to base 8
3631
-482b (base 14) to base 16
-3127
4044 (base 11) to base 7
21443
What is 1556 (base 14) in base 3?
12012202
-20 (base 6) to base 15
-c
-101210100 (base 3) to base 15
-24e6
What is -943 (base 16) in base 7?
-6625
Convert -3a83 (base 13) to base 4.
-2003010
What is 8625 (base 10) in base 5?
234000
1364 (base 7) to base 5
4121
4290 (base 10) to base 3
12212220
Convert 178 (base 16) to base 2.
101111000
What is -3bd (base 15) in base 16?
-355
What is -201101201 (base 3) in base 15?
-42ca
What is 24911 (base 12) in base 11?
34376
-16a92 (base 12) to base 3
-1122210102
Convert b4 (base 16) to base 6.
500
What is 13354 (base 7) in base 14?
1464
3641 (base 7) to base 16
548
What is 120321 (base 6) in base 9?
15344
Convert 6011 (base 7) to base 15.
92b
Convert -244124 (base 5) to base 11.
-6a85
Convert -1000001212 (base 3) to base 14.
-7297
-3161 (base 15) to base 12
-6061
Convert 1110101101 (base 2) to base 8.
1655
What is -42350 (base 6) in base 9?
-7803
203 (base 10) to base 15
d8
What is -434111 (base 5) in base 12?
-8762
What is -18bc (base 13) in base 10?
-3704
114535 (base 7) to base 2
101000101110011
2123201 (base 4) to base 14
38ad
3110 (base 5) to base 9
500
What is 200303 (base 4) in base 10?
2099
-132353 (base 7) to base 10
-24881
Convert 179b (base 12) to base 9.
3822
21850 (base 11) to base 5
2003021
-7138 (base 16) to base 5
-1411414
What is -5404 (base 6) in base 15?
-56d
Convert -83c (base 15) to base 6.
-12333
Convert -2c89 (base 15) to base 4.
-2111223
-10100011101 (base 2) to base 4
-110131
Convert -24d (base 16) to base 13.
-364
8b (base 13) to base 6
311
Convert -12323202 (base 4) to base 13.
-cbc7
What is 10621 (base 7) in base 14?
db8
What is b9e (base 16) in base 3?
11002011
What is 327 (base 8) in base 16?
d7
What is 13352 (base 9) in base 12?
5292
What is 3551 (base 6) in base 3?
1011211
-25a1c (base 13) to base 15
-15a4c
What is 1954 (base 13) in base 14?
1547
What is -304 (base 6) in base 16?
-70
What is -51341 (base 6) in base 10?
-6829
Convert 202 (base 14) to base 5.
3034
Convert -8ac (base 15) to base 5.
-30322
What is 35 (base 15) in base 11?
46
Convert -1111001101101 (base 2) to base 13.
-3712
What is -5205 (base 6) in base 11?
-962
Convert 795 (base 14) to base 11.
1147
Convert 202101 (base 7) to base 8.
103056
What is 115 (base 11) in base 16?
89
Convert -14453 (base 6) to base 13.
-10aa
What is 16505 (base 11) in base 15?
6d42
40442 (base 6) to base 4
1103222
Convert -100011110011 (base 2) to base 7.
-6452
What is -544031 (base 6) in base 10?
-44947
Convert -22012020 (base 4) to base 9.
-62646
What is -2b0 (base 12) in base 8?
-644
Convert -1945 (base 11) to base 5.
-34334
-410 (base 13) to base 15
-30e
What is 1143 (base 10) in base 11?
94a
What is 195 (base 10) in base 16?
c3
What is 438 (base 9) in base 11?
2a7
Convert 43022 (base 5) to base 16.
b47
Convert 206f (base 16) to base 11.
6269
Convert -326 (base 12) to base 15.
-20c
Convert 721 (base 11) to base 7.
2352
Convert 143 (base 6) to base 2.
111111
Convert -312223 (base 4) to base 13.
-1792
10000000000 (base 2) to base 4
100000
Convert 2333112 (base 5) to base 4.
22132123
-13021302 (base 4) to base 5
-1414143
100011111110 (base 2) to base 7
6466
Convert -45 (base 12) to base 7.
-104
-601 (base 10) to base 6
-2441
What is 1111001011 (base 2) in base 15?
44b
Convert -202032 (base 4) to base 3.
-10000010
What is 405504 (base 6) in base 16?
7e70
4ca (base 13) to base 6
3522
-a1b (base 13) to base 12
-baa
What is 1580 (base 13) in base 14?
120a
What is -111312 (base 6) in base 15?
-2bbe
Convert -32188 (base 10) to base 2.
-111110110111100
Convert -4402 (base 11) to base 16.
-16b2
-5078 (base 11) to base 15
-1ee5
Convert 2a1 (base 14) to base 7.
1361
What is 11200022 (base 3) in base 10?
3410
Convert -2032 (base 13) to base 16.
-1153
What is a85 (base 11) in base 12?
907
-3221221 (base 5) to base 10
-54561
Convert 101221121 (base 3) to base 5.
223411
Convert -cc3 (base 13) to base 7.
-6243
3097 (base 10) to base 13
1543
5386 (base 9) to base 5
111331
What is -241242 (base 5) in base 3?
-110021101
What is 245 (base 13) in base 8?
613
233 (base 10) to base 5
1413
Convert 612 (base 8) to base 13.
244
Convert -3076 (base 13) to base 11.
-5030
Convert 22411 (base 5) to base 16.
646
Convert -3062 (base 10) to base 4.
-233312
-254 (base 11) to base 2
-100101101
What is 12002222 (base 3) in base 14?
1501
100000022 (base 3) to base 7
25103
Convert 303c (base 14) to base 15.
26c6
What is -221020 (base 5) in base 14?
-2ad5
-1a3 (base 16) to base 8
-643
-54036 (base 8) to base 11
-15a48
-341155 (base 6) to base 3
-1110111122
Convert 264 (base 12) to base 8.
554
What is 130342 (base 8) in base 4?
23003202
What is -85357 (base 9) in base 4?
-31301230
What is -2110211 (base 3) in base 7?
-5155
What is -10111010100001 (base 2) in base 13?
-5583
What is 126 (base 13) in base 14?
105
-41560 (base 8) to base 13
-7b20
100010201 (base 3) to base 9
10121
What is -4b2 (base 13) in base 8?
-1465
43b3 (base 15) to base 9
21606
Convert 4767 (base 10) to base 6.
34023
-270 (base 9) to base 5
-1400
What is 1012 (base 3) in base 11?
2a
What is -120001010 (base 3) in base 2?
-10101011010101
Convert 101000001011000 (base 2) to base 14.
76d2
1010100110010 (base 2) to base 7
21551
-4204a (base 11) to base 12
-2b568
23176 (base 9) to base 5
443314
What is -297a (base 16) in base 13?
-4aaa
What is 691 (base 12) in base 10?
973
-55 (base 16) to base 2
-1010101
26c (base 13) to base 10
428
-11001102 (base 3) to base 12
-1862
What is -273 (base 8) in base 16?
-bb
Convert 11215 (base 6) to base 13.
959
-1b2 (base 16) to base 3
-121002
Convert 111020221 (base 3) to base 2.
10010111000000
What is 10112010 (base 3) in base 16?
a08
201011100 (base 3) to base 7
55503
-3132012 (base 4) to base 7
-56304
Convert 153 (base 9) to base 14.
93
What is 113322 (base 6) in base 5?
303332
What is a66 (base 11) in base 14?
678
-5cb (base 14) to base 11
-964
What is -10202 (base 4) in base 10?
-290
210021 (base 3) to base 14
2d0
What is -527 (base 10) in base 4?
-20033
What is 14523 (base 6) in base 13?
10c2
220111110 (base 3) to base 7
103032
Convert -710 (base 11) to base 6.
-3550
What is 240251 (base 6) in base 16?
5167
Convert -1213 (base 16) to base 5.
-122002
Convert -80225 (base 9) to base 4.
-30313001
Convert 130520 (base 6) to base 8.
27120
What is -9017 (base 10) in base 9?
-13328
What is 1421141 (base 5) in base 8?
71552
-118825 (base 9) to base 11
-4a1a8
Convert 13256 (base 8) to base 12.
343a
Convert -a49b (base 14) to base 6.
-335145
43343 (base 5) to base 7
11445
110321 (base 5) to base 8
7374
58500 (base 10) to base 12
29a30
-231442 (base 7) to base 6
-515334
-ab6 (base 12) to base 9
-2143
12220101 (base 3) to base 4
1003033
20683 (base 9) to base 8
32563
What is -42574 (base 8) in base 9?
-26354
What is 62055 (base 7) in base 8?
35434
What is 255 (base 8) in base 9?
212
104a0 (base 13) to base 16
72b7
What is 11231 (base 4) in base 5?
2430
Convert -40866 (base 12) to base 4.
-110203032
1d6 (base 16) to base 7
1241
-113121 (base 4) to base 15
-69c
What is -1705 (base 13) in base 10?
-3385
Convert 6611 (base 7) to base 6.
14532
-39050 (base 11) to base 4
-31222111
-1121202 (base 3) to base 12
-825
12 (base 4) to base 8
6
100103 (base 4) to base 5
13133
Convert -15116 (base 7) to base 16.
-1052
Convert 17031 (base 8) to base 2.
1111000011001
What is 18045 (base 10) in base 8?
43175
Convert -3557b (base 12) to base 7.
-415634
What is 174 (base 14) in base 6?
1214
5679 (base 12) to base 10
9597
What is 1222102002 (base 3) in base 6?
500132
What is -11011110001 (base 2) in base 11?
-1376
What is -56c (base 15) in base 11?
-a16
What is 52136 (base 7) in base 9?
18455
1585 (base 12) to base 5
40144
Convert -3480 (base 12) to base 4.
-1123200
-1db5 (base 16) to base 2
-1110110110101
Convert -385 (base 9) to base 16.
-140
What is 29685 (base